{"id":56,"date":"2015-06-22T12:31:39","date_gmt":"2015-06-22T10:31:39","guid":{"rendered":"http:\/\/m79.corsidistudio.unina.it\/?page_id=56"},"modified":"2025-10-31T12:38:01","modified_gmt":"2025-10-31T11:38:01","slug":"contatti","status":"publish","type":"page","link":"https:\/\/m79.corsidistudio.unina.it\/?page_id=56","title":{"rendered":"Contatti"},"content":{"rendered":"<p><strong><em>Coordinatore del CdS\u00a0 Prof. Ciro\u00a0 Costagliola<\/em><\/strong><\/p>\n<p><em>. Email<\/em>: cdslogopedia@libero.it<\/p>\n<p><em>.\u00a0 Orario ricevimento studenti<\/em>: inviare email a cdslogopedia@libero.it<\/p>\n<p>&nbsp;<\/p>\n<p>&nbsp;<\/p>\n<p>&nbsp;<\/p>\n<p><strong>Dott.ssa\u00a0 Paola Villari<\/strong><\/p>\n<p><strong><em>Direttrice delle Attivit\u00e0 Professionalizzanti<\/em><\/strong><\/p>\n<ul>\n<li><em>Telefono<\/em>: 081.746<\/li>\n<li><em>Fax<\/em>: 081.746<\/li>\n<li><em>Email<\/em>: paola.villari@unina.it<\/li>\n<\/ul>\n<p><strong><a href=\"http:\/\/m78.corsidistudio.unina.it\/wp-content\/uploads\/sites\/13\/2015\/06\/download-3.jpg\"><img loading=\"lazy\" decoding=\"async\" class=\" wp-image-324 alignright\" src=\"http:\/\/m78.corsidistudio.unina.it\/wp-content\/uploads\/sites\/13\/2015\/06\/download-3.jpg\" alt=\"download (3)\" width=\"198\" height=\"198\" \/><\/a>Sede Didattica e Amministrativa del CdS:<\/strong><\/p>\n<ul>\n<li>Email:\u00a0 cdslogopedia@libero.it<\/li>\n<\/ul>\n<p>&nbsp;<\/p>\n<p>&nbsp;<\/p>\n<p>&nbsp;<\/p>\n<p>&nbsp;<\/p>\n<p>&nbsp;<\/p>\n<p style=\"text-align: center\"><strong>Dalla pagina WEB del Professor Sergio Beraldo<\/strong><br \/>\n<strong> Ricercatore di POLITICA ECONOMICA (SECS-P\/02)<\/strong><br \/>\n<strong> della Universit\u00e0 di Napoli \u201cFederico II\u201d.<\/strong><\/p>\n<p>Come scrivere una mail al docente (e ottenere risposta)<\/p>\n<p>Agli studenti iscritti ad un corso di laurea attivato presso l&#8217;Universit\u00e0 degli studi di Napoli &#8220;Federico II&#8221; \u00e8 garantita la possibilit\u00e0 di utilizzare il dominio unina per la corrispondenza elettronica (nome+cognome@studenti.unina.it). Sarebbe preferibile che gli studenti utilizzassero tale possibilit\u00e0 per la corrispondenza con il docente. E&#8217; comunque accettabile che gli studenti scrivano al docente utilizzando un altro dominio, purch\u00e9 l&#8217;indirizzo di posta elettronica sia del tipo (nome+cognome@dominio.it).<br \/>\nNon otterranno risposta:<br \/>\n\u2022 gli studenti che utilizzano nomi impropri nella corrispondenza con il docente; pertanto &#8220;diavolina82&#8221; o &#8220;cricetissimo73&#8221; (solo 2 dei casi che di recente mi sono capitati) dovranno venire a ricevimento se desidereranno ricevere informazioni;<br \/>\n\u2022 gli studenti che non firmano la richiesta; vorrei a tal proposito ricordare che le mail sono lettere e che nel redigere una lettera occorre rispettare alcune regole basilari.<br \/>\nUn paio di esempi (veri, purtroppo) di come non si scrive una mail al docente e delle mie risposte nella circostanza:<br \/>\n1. &#8220;GENTILE PROF. BERLADO DESIDEREREI CHIEDERLE QUALI SONO I LIBRI DA STUDIARE PER POLITICA ECONOMICA DEL CORSO MAGISTRALE IN PUBBLICA AMMINISTRAZIONE PER I NON CORSISTI??? GRAZIE DISTINTI SALUTI!!!&#8221; RISPOSTA: &#8220;Gentile studente, intanto \u00e8 buona norma firmare le lettere. Alcune basilari regole di buona educazione sono oramai poco seguite purtroppo, pertanto \u00e8 sempre bene richiamarle alla mente. In secondo luogo il mio cognome \u00e8 Beraldo e non Berlado, come lei erroneamente scrive. Tralascio di considerare la forma, impropria, della sua missiva. Per venire al punto che lei solleva, il programma \u00e8 lo stesso per corsisti e non corsisti, ed \u00e8 indicato nella sezione Avvisi della mia pagina web istituzionale.Cordialit\u00e0, Sergio Beraldo&#8221;<br \/>\n2. &#8220;salve professore sono una studentessa di stim che marted\u00ec 16\/07 sosterro&#8217; il suo esame di economia politica e volevo sapere se lei facesse ricevimento la settimana prossima prima della data d&#8217;esame.la ringrazio per l&#8217;attenzione e nel risentirla, i miei piu cordiali saluti.&#8221; RISPOSTA:&#8221;Gentile studentessa, le chiederei di effettuare uno sforzo e riscrivere in un linguaggio accettabile la sua richiesta; le chiederei, se ci\u00f2 non richiede un eccessivo aggravio, anche di firmarla. Otterr\u00e0 tempestivamente la risposta che desidera. Cordialit\u00e0, Sergio Beraldo&#8221;.<br \/>\nIn sintesi: la posta elettronica si differenzia per un solo aspetto da quella non elettronica (recapitata dal piccione o dal postino), la rapidit\u00e0 con cui una richiesta pu\u00f2 essere formulata e la relativa risposta ottenuta. Non vi \u00e8 altra differenza. Valgono pertanto le regole antiche; prime tra tutte quelle suggerite dalla buona educazione.<\/p>\n","protected":false},"excerpt":{"rendered":"<p>Coordinatore del CdS\u00a0 Prof. Ciro\u00a0 Costagliola . Email: cdslogopedia@libero.it .\u00a0 Orario ricevimento studenti: inviare email a cdslogopedia@libero.it &nbsp; &nbsp; &nbsp; Dott.ssa\u00a0 Paola Villari Direttrice delle &#8230; <\/p>\n","protected":false},"author":3,"featured_media":0,"parent":0,"menu_order":0,"comment_status":"closed","ping_status":"closed","template":"page-fullwidth.php","meta":{"footnotes":""},"class_list":["post-56","page","type-page","status-publish","hentry"],"_links":{"self":[{"href":"https:\/\/m79.corsidistudio.unina.it\/index.php?rest_route=\/wp\/v2\/pages\/56","targetHints":{"allow":["GET"]}}],"collection":[{"href":"https:\/\/m79.corsidistudio.unina.it\/index.php?rest_route=\/wp\/v2\/pages"}],"about":[{"href":"https:\/\/m79.corsidistudio.unina.it\/index.php?rest_route=\/wp\/v2\/types\/page"}],"author":[{"embeddable":true,"href":"https:\/\/m79.corsidistudio.unina.it\/index.php?rest_route=\/wp\/v2\/users\/3"}],"replies":[{"embeddable":true,"href":"https:\/\/m79.corsidistudio.unina.it\/index.php?rest_route=%2Fwp%2Fv2%2Fcomments&post=56"}],"version-history":[{"count":17,"href":"https:\/\/m79.corsidistudio.unina.it\/index.php?rest_route=\/wp\/v2\/pages\/56\/revisions"}],"predecessor-version":[{"id":1276,"href":"https:\/\/m79.corsidistudio.unina.it\/index.php?rest_route=\/wp\/v2\/pages\/56\/revisions\/1276"}],"wp:attachment":[{"href":"https:\/\/m79.corsidistudio.unina.it\/index.php?rest_route=%2Fwp%2Fv2%2Fmedia&parent=56"}],"curies":[{"name":"wp","href":"https:\/\/api.w.org\/{rel}","templated":true}]}}